-1 + 11 - (-17 - (8 - 66) - (5 - -1))?
-25
Calculate (2 - 3 - 0) + -46 + (117 - (234 - 129)).
-35
10 - (82 + -10 + -3 + 87 + -85)
-61
What is the value of 79 + -85 + -32 + 85?
47
Calculate -213 + 202 - (-55 - (5 - (4 + 3))).
42
-11 + (7 - (16 - (69 + (0 - -6))))
55
Calculate -126 + (-24 + -28 - -101).
-77
1 - 15 - ((-552 - -516) + 1 + 76)
-55
Evaluate -13742 + 13674 - (1 + 2).
-71
Calculate -23 - (98 + -90 + -1 + -6 + 9).
-33
Calculate 8 - 32 - (8 + -7 - (-21 - -27)).
-19
Evaluate -176 + 165 + 44 + 0.
33
(-8 - 7 - (-26 - -9 - -11)) + (-14 - 1)
-24
Evaluate -15 - -56 - (74 - 107).
74
Calculate 86 - (73 - (-39 - -52)).
26
-61 - (2 + 6 + -13 + -23 + 30 - 6)
-57
What is the value of (74 - 96 - -81) + -106?
-47
Calculate 175 + -57 + (-146 - -36).
8
What is -28 + (-26 - (-52 + -49)) + -22?
25
5 + -3 + 24 + -15 + -2 + -3
6
Calculate (0 - -40) + -5088 + 5113.
65
Calculate 5 + -5 + (12 - (-7 + -17 + 26)).
10
(30 + (18 - 41) - 2) + 7
12
-60 - (9 + -3 - ((2 - -2) + (-22 - -18)))
-66
0 - -102 - (-3119 - -3177)
44
Calculate (-452 - -432) + 0 + 1 - (3 - 2 - 8).
-12
Calculate (3 - (90 + 1)) + -2994 + 2986.
-96
What is the value of (78 - 84 - (-2 + 17)) + 9 + 2 + -25?
-35
What is the value of (-81 - 1) + (2966 - 2863)?
21
What is the value of 30 + -4 + (34 - 123)?
-63
What is 161 + -46 - (-25 + 75)?
65
Calculate 26 + (9 - 5) + -1 + -2 + -13 + -129.
-115
Evaluate (1 - -2) + (26 - (41 + -9)) - (69 - -11).
-83
What is 3 - (10 + -37) - (74 + -23)?
-21
What is (28 + (-37 - 12) - -56) + -117?
-82
What is -76 - 1 - (-22 + -23 + 39)?
-71
Calculate 43 + (-11 - (-5 + -5 - -8)) + -1.
33
What is the value of -3 + -64 + (-147 - -193)?
-21
What is -26 - (96 + (17 - 123))?
-16
What is -29 - (-52 - -36) - -24?
11
Calculate -1 + -2 + (11 - 1) + (679 - 634).
52
What is the value of 0 - -27 - (473 - 403) - -18?
-25
What is 276 - 308 - (-131 - -3) - -16?
112
17 - 13 - (-6 + (0 - -5) + -38 + 3)
40
(44 - (-1 + -21)) + -10 + -20
36
-259 - (425 + -674) - (70 + (1 - 0))
-81
What is the value of (33 + -4 - -22) + -100?
-49
Calculate (-56 + 28 - -39) + -16 + 19 + (2 - -1).
17
What is the value of 3 - (-52 - 0 - (-436 + 409))?
28
Evaluate 42 - ((-814 - -693) + (49 - 1)).
115
-58 + -125 + 73 + 115
5
What is the value of -3 + (-11 - -25 - 9) - 13?
-11
What is -1 + 4 + -17 + (15 - (-16 - -16)) - -7?
8
What is the value of (1 - 36) + (-17 - (23 + -19 + -23))?
-33
What is the value of -46 + 1 + (-30 - (22 - (67 + -4))) + -2?
-36
-13 - (-17 + (2 - (-2 - 5)) + -41)
36
Evaluate 0 + 3 + -10 + (63 - 34 - (7 - 28)).
43
What is the value of -10 + 14 + -17 + 9 + -1 - -47?
42
Evaluate (1 - 45 - (138 - 126)) + -1 + -7 + 16.
-48
What is the value of (-21 + 4 + 8 - -4) + -19?
-24
What is -53 - (-31 - (-37 + 58))?
-1
Calculate -51 - (28 - (84 - 65)).
-60
What is 4 - ((-8 - -8) + -28)?
32
What is the value of -73 - (-12 + (-78 - -10))?
7
Calculate ((1 - 4 - 89) + 2 - -3) + (459 - 464).
-92
What is (-200 + 280 - 82) + (0 - -17)?
15
What is the value of -1 + 5 - (-7 - -2 - ((-41 - -38) + -44))?
-38
What is the value of 93 + -86 + (-13 - 0) + -13 + 21?
2
Evaluate 8 - 25 - (-21 + (10 - -3)).
-9
(75 - 88 - 4) + -2 + -15 + 2
-32
What is the value of (-14 - (-46 + 2 - -81)) + -10?
-61
(29 - 151) + 17 + 16 + 10
-79
2 + -4 + 9 + (15 - (-9 + (60 - 12)))
-17
What is -17 + -14 + 7 - (184 - 204)?
-4
-97 + 31 - (-85 - 25)
44
What is the value of 1 + 22 + -10 + -34?
-21
13 + -8 + -17 + 21 + (-19 - -1) - 34
-43
What is the value of -11 + -6 - (8 + (55 - 31))?
-49
What is 52 + 7 + 11 + 224 + -245?
49
Calculate 6 - (-6 + 108 - (200 + -164)).
-60
Calculate 22 - (-15 - -5 - (-1 + -1)).
30
Evaluate -23 + 6 - -14 - (-44 + -19 - -5).
55
28 + 12 + (50 - 100)
-10
Evaluate 1 + -11 - 2 - (-12806 - -12819).
-25
3 - (-3 + 2) - -5 - (-500 + 561)
-52
3 + 4 + -17 - -23 - 16
-3
Evaluate ((-5 - -1) + -5 - -4) + (-38 - -85) + -38.
4
Evaluate 64 + 73 + -148 - (-41 - (3 + -5)).
28
Calculate -109 + 47 + -13 + 1.
-74
What is the value of 43 + -49 + (-3 + 4 + 2 - 11)?
-14
What is the value of 17 + -3 + -7 - (-7 + 6 + 2 + 1)?
5
What is the value of -1125 - -1128 - (15 - -3)?
-15
What is the value of 1 - -1 - (-22 - (19 - 120)) - -21?
-56
-2 + (13 - 0) + (-53 + 27 - -31 - -10)
26
Evaluate -19 - (-2 + -1) - (464 - 538) - (-8 + 0).
66
13 - ((17 - 19) + 36 - -14)
-35
What is (3 - -1 - (100 - 117) - -4) + 11?
36
-1 + (-11 - -49) + -3
34
What is 31 + -28 - (-2 + 4) - -2 - (-20 + -3)?
26
Calculate (4 - 0) + (2 - (9 + -4)) + (94 - 52).
43
What is the value of -17 + (37 - (8 + -13))?
25
Evaluate (730 - 773) + (-1 - -84) + -77.
-37
What is the value of 802 - 824 - ((-8 - -3) + -59)?
42
What is the value of -50 - (113 + (-372 - -102))?
107
Calculate -65 + (117 - 194) - -37.
-105
Evaluate 15 + 7 + -36 - (-5 - -1).
-10
What is the value of -183 - -174 - (62 - (-3 - (6 + -1)))?
-79
Calculate 15 + (36 - (57 - -10)).
-16
Calculate (126 - (12 + -15 + 7)) + -12 + -38 + 33.
105
(-18 - -2) + 39 + (5 - -2 - 2)
28
What is (-62 - -49) + 36 + 39 + 1?
63
-49 + (191 - (149 + 5))
-12
70 - (45 + -64 + 45)
44
What is the value of (45 + -33 - 100) + 31?
-57
Calculate -1 + 77 - (85 - 3).
-6
Calculate 18 - (168 + (-71 - -8)).
-87
-13 - (5 - (20 + 28 - -25))
55
What is the value of (9 + (-16 - -16) - 9) + 32?
32
-25 + 63 + -29 - 48 - -6
-33
What is the value of (57 - 34) + (25 - (2 + 9))?
37
What is -32 - (-115 - (36 - 56 - -41))?
104
What is the value of 6 + -66 + 5 + -10 + -59 + 45?
-79
What is the value of 50 + -91 + 76 - 128?
-93
What is the value of 42 - 25 - (18 - 17)?
16
What is the value of -29 + (-44 + 10 - -19)?
-44
What is the value of -15 - -10 - -15 - (2 - 0)?
8
What is 8 - (43 + -51 - 24)?
40
Calculate (-3 - -21) + (3 - ((-39 - -23) + -30)).
67
Evaluate 5 + (6 - (-4 + 17)) + (-30 - -1).
-31
10 + (8 - (23 + 8 + -11)) + 40
38
Evaluate 3 + -79 + 4 + -4 + (481 - 495).
-90
Evaluate -16 + (-9 + (27 - -6) - -2) - -29.
39
What is the value of (104 - (13 - -25)) + 12?
78
What is 7 + -1 - (28 + (12 + -40 - -8))?
-2
Calculate 9 + (-67 - -77) + 16.
35
What is -55 + -88 + (29 - -41) + -5 + 1?
-77
What is 79 - (-64 + 132 + 48)?
-37
Calculate (53 + 1 - -1) + 2676 + -2691.
40
Calculate 5 - (9 - (-15 + 18 + (-1 - 0))) - -19.
17
What is the value of -1 - (-11 - (5 + 6) - -40)?
-19
Calculate 35 - (-36 + -21 + 46 - 35).
81
-2 + -70 + 1182 + -1178
-68
What is the value of 11 - (-16 + (38 - -27))?
-38
45 + (-11 - 31) + 86 + -1 - 8
80
Evaluate 43 + (-23 - 30) + 58 + -6.
42
What is the value of -3 - ((9 + 3 + 8 - 8) + -6)?
-9
(-7 + 24 + 7 - 24) + -20
-20
What is 58 + -1 + 0 - (175 - 199)?
81
What is -96 - ((-10 - 0) + (171 - 183))?
-74
What is (4 - (-5 - 9) - (7 - 7)) + -6?
12
What is -3107 + 3031 - (30 + -1)?
-105
Evaluate 41 - 1 - (1105 - 1114) - (-1 - -2).
48
What is the value of (-23 - (51 + -66)) + 33?
25
(6 - -50 - 5) + (3 - -2) + (-101 - -111)
66
What is 15 + 2 + (27 - (-3 + 57))?
-10
-14 - -3 - (9 - (7 + 10 + -21) - 32)
8
Evaluate (6 - 0) + 22 + 5 + -1.
32
Calculate -56 + 36 + -3 + -23.
-46
Calculate 27 - (19 - (-6 + (18 - -7) + -17)).
10
Calculate 2 - (44 + -1 + 1 + 501 + -490).
-53
What is 8 + (-52 - 0) - (13 + (12 - (21 - 6)))?
-54
What is the value of -49 - -30 - (-50 - -100)?
-69
What is -4 + 13 + (-1 - 1) - ((32 - 25) + -31)?
31
What is the value of -58 - 1 - ((-81 - -48) + 30) - -1?
-55
-2 - -19 - (-1 + -27 + 61 + 7)
-23
Calculate -1 + -1 - (-169 + 165) - (5 + 1 + -38).
34
Evaluate 10 - ((-15 + (14 - -1) - 2) + 10).
2
What is -5 - (137 + -38 - ((-8 - (-4 + 1)) + -4))?
-113
(-6 + (4 + 9 - 4) - (11 + -1)) + 53
46
What is the value of 0 + -15 + -30 + 43?
-2
Calculate 24 + -15 + 4 + 36.
49
What is the value of 3 + -65 - -49 - 17?
-30
What is the value of -14 + (-10 - -33 - 36) - -10?
-17
Calculate -11 + -5 + (8 - (16 + -7)) - (-8 - -1).
-10
Evaluate 139 - (-5 - -25 - 66 - -56).
129
What is the value of 13 + -19 - (-1 + -18) - (17 - (-18 + 35))?
13
What is -54 - 2 - (-67 - -21)?
-10
17 - (203 + -164 - (4 + (-1 - -3)))
-16
Calculate (-74 - (-6 - (3 + -22) - 18)) + -11.
-80
What is the value of (-1 - -29) + -1741 + 1722?
9
(39 + -15 - 17) + -33 + 39 + 9
22
-14984 - -15084 - (16 - 0)
84
What is the value of (2 - -3) + (-11 - -8 - (-19 + 2)) + -97?
-78
Evaluate 18 + (-5 - 6) - 17 - 53.
-63
What is the value of 2 - ((-23 - 1) + 126 + -1)?
-99
-88 + -6 + 55 - -12
-27
What is 10 